 (base 4) to base 3.
-21022221112
Convert 625425 (base 8) to base 15.
417c7
What is 9297b (base 13) in base 11?
16a711
-10102201211020 (base 3) to base 11
-1037402
What is 11111111010110111111000 (base 2) in base 16?
7fadf8
Convert -2b0b9c (base 13) to base 2.
-100000010011110111001
Convert 330204311 (base 5) to base 16.
158fd9
What is -12510541 (base 6) in base 5?
-101214004
-12230020320 (base 4) to base 7
-20622462
-1011011011001010100 (base 2) to base 12
-160784
What is -10113003 (base 8) in base 16?
-209603
442a8 (base 11) to base 15
14083
Convert -3a8a23 (base 13) to base 6.
-50224240
What is 1110110101001000101010 (base 2) in base 13?
a616b8
What is -1100100001000000110111 (base 2) in base 12?
-1122847
What is 106453 (base 8) in base 2?
1000110100101011
What is 22066 (base 11) in base 3?
1121220210
What is 3272737 (base 9) in base 2?
110101101110010010111
-727744 (base 8) to base 11
-1555aa
101126147 (base 8) to base 3
1012010221011001
Convert -153143342 (base 6) to base 10.
-3233006
What is -11110101110110111110 (base 2) in base 3?
-1220011101201
Convert -203566 (base 12) to base 11.
-314440
200110012001 (base 3) to base 6
11441214
What is -3070d (base 16) in base 7?
-1454315
1353411 (base 9) to base 3
1101210110101
-10692a4 (base 13) to base 2
-10011001001001100110100
What is 324014204 (base 5) in base 12?
571538
What is 53b3a7 (base 14) in base 8?
12641527
What is 2a8363 (base 11) in base 13?
13a3a9
What is 398483 (base 11) in base 4?
2120313201
What is -11310000330 (base 4) in base 13?
-414753
Convert 310025325 (base 6) to base 3.
101000102012122
31300120111 (base 4) to base 6
205142341
What is -111111111011010 (base 2) in base 3?
-1122220020
Convert -80a428 (base 13) to base 3.
-12122001122202
-42a234 (base 12) to base 2
-100000001011011001000
What is -10022222210210 (base 3) in base 15?
-24ec89
Convert 9549 (base 11) to base 7.
51562
Convert 166e0 (base 15) to base 8.
215363
What is 3031820 (base 9) in base 5?
403143101
2243442040 (base 5) to base 14
95ab3b
What is 8369945 (base 10) in base 9?
16666358
What is -11233023 (base 5) in base 11?
-6a917
124104512 (base 6) to base 15
3316e5
What is 187163 (base 16) in base 14?
2d9acb
What is 147c1 (base 15) in base 3?
10100101001
What is -16209905 (base 10) in base 5?
-13122204110
3861085 (base 10) to base 12
1362511
Convert 6c84a (base 14) to base 15.
53808
1010111100110110100000 (base 2) to base 10
2870688
773073 (base 9) to base 11
295827
-2346b (base 15) to base 14
-2cd4c
What is -211b3 (base 13) in base 2?
-1110100011110010
1526991 (base 10) to base 15
202696
What is 37103662 (base 8) in base 4?
133020132302
Convert -43cdb (base 14) to base 7.
-1253264
Convert -11423335 (base 8) to base 13.
-6970a1
-4452213 (base 6) to base 12
-aa069
Convert 62c7a6 (base 14) to base 10.
3338222
Convert 110110001010111101010101 (base 2) to base 9.
28643572
What is 127432 (base 11) in base 9?
334520
Convert 2093a5 (base 13) to base 6.
24204225
What is -32515202 (base 6) in base 3?
-1211111200202
What is -4103430 (base 5) in base 15?
-148ca
366433 (base 9) to base 14
5a8ad
36612347 (base 8) to base 11
460a351
-191695 (base 16) to base 15
-227271
What is 10000100001010000011 (base 2) in base 16?
84283
Convert 5ed01 (base 16) to base 5.
44411403
Convert -100331232 (base 4) to base 7.
-406404
-1226 (base 7) to base 6
-2045
What is 43a8992 (base 11) in base 15?
a29a15
1110101001011101011 (base 2) to base 14
c6cc3
Convert 2433413323 (base 5) to base 15.
78cae3
-17466650 (base 9) to base 15
-b877d3
What is 42425c (base 14) in base 16?
222c5a
9b040c (base 13) to base 6
210212120
What is 31ac83 (base 14) in base 16?
19a983
What is 86959 (base 10) in base 15?
1ab74
Convert -29808 (base 16) to base 2.
-101001100000001000
-52d980 (base 15) to base 7
-45344652
Convert -d9646 (base 15) to base 14.
-13d5da
-172570 (base 8) to base 4
-33111320
Convert -4608a (base 12) to base 13.
-336a0
What is 404311101 (base 5) in base 16?
18f34f
What is -52044534 (base 6) in base 16?
-16e06a
-301014 (base 5) to base 16
-2525
What is 1c768 (base 16) in base 3?
12220220221
Convert -11355630 (base 7) to base 13.
-292977
a5fda (base 16) to base 9
1245572
265007 (base 8) to base 10
92679
What is 10101011111101100001 (base 2) in base 10?
704353
Convert -d252c3 (base 14) to base 12.
-2456a37
What is 300002103 (base 4) in base 14?
519bd
Convert 367270 (base 8) to base 12.
61360
Convert -3030320233 (base 4) to base 15.
-1189ca
10043124014 (base 5) to base 12
3486250
Convert -2a94c (base 13) to base 10.
-80677
What is 344847 (base 10) in base 13?
c0c69
10717814 (base 9) to base 2
10011110111101000111101
What is -32122 (base 9) in base 3?
-1002010202
Convert -b84c5 (base 15) to base 4.
-2032310000
11100101010110010 (base 2) to base 6
2303350
-34324616 (base 7) to base 14
-58087d
What is 53544 (base 9) in base 10?
35437
Convert -4326882 (base 10) to base 11.
-249593a
What is 52d95 (base 16) in base 15?
6a834
Convert 2851374 (base 10) to base 3.
12100212100110
What is 61624 (base 10) in base 14?
1865a
Convert 24c38 (base 16) to base 13.
53705
-237495 (base 14) to base 10
-1211019
-10010010000000 (base 2) to base 14
-3596
-12121132031 (base 4) to base 13
-469532
-3101123001 (base 5) to base 4
-113322312220
344094 (base 13) to base 6
42303000
What is -441001330 (base 5) in base 14?
-373120
Convert 10001100111011101 (base 2) to base 14.
1c421
Convert -24636223 (base 8) to base 12.
-19b09ab
What is -138b0 (base 15) in base 3?
-10012000210
Convert 221668 (base 11) to base 13.
c4ba6
Convert -110021022221002 (base 3) to base 9.
-13238832
Convert -11000100111001111 (base 2) to base 7.
-566631
Convert -8169258 (base 10) to base 12.
-289b6b6
20010203 (base 4) to base 2
1000000100100011
Convert -10100001011101101011 (base 2) to base 4.
-2201131223
1101100001110001110010 (base 2) to base 6
204001414
What is -3109244 (base 12) in base 5?
-4330111201
Convert 20010222 (base 3) to base 4.
1012001
What is -101000100111011100 (base 2) in base 12?
-80338
Convert -7202 (base 14) to base 13.
-8bcb
aa256 (base 15) to base 16
83f73
a6c390 (base 13) to base 12
1387584
547074 (base 13) to base 6
110323143
-12112000 (base 4) to base 2
-110010110000000
1d0cb (base 16) to base 3
20001012221
58b615 (base 12) to base 7
15103625
-2200210011 (base 3) to base 12
-26857
Convert -54724250 (base 8) to base 5.
-11003232440
-232322 (base 9) to base 10
-139502
-201202312 (base 4) to base 11
-94258
What is -2321a1 (base 11) in base 10?
-368919
What is -252017 (base 16) in base 8?
-11220027
What is 10113c (base 13) in base 11?
235857
Convert 144254355 (base 6) to base 14.
584823
Convert -1136555 (base 7) to base 3.
-21022112102
54244414 (base 6) to base 3
10000200211201
What is -1012210001 (base 4) in base 2?
-1000110100100000001
9eac2 (base 15) to base 13
148cca
-10211021120 (base 3) to base 14
-1d61d
1303450 (base 7) to base 2
101001010101110010
a1a00 (base 15) to base 10
511875
Convert 273d30 (base 16) to base 3.
11211122112021
Convert 113332103 (base 4) to base 7.
556166
What is 2130330334 (base 5) in base 13?
c30834
Convert 101010100010001001 (base 2) to base 14.
476c1
What is -12177c7 (base 13) in base 11?
-3195436
-11001111001011111001110 (base 2) to base 6
-401302514
What is -7a7668 (base 12) in base 15?
-28b5ee
Convert -57884 (base 10) to base 9.
-87355
623652 (base 8) to base 15
413e2
What is -474b7 (base 15) in base 2?
-110111011101111101
Convert -146456 (base 9) to base 12.
-44136
What is 1232230123 (base 4) in base 15?
8e51d
What is -100030413 (base 5) in base 9?
-657501
What is -1101010110101110001111 (base 2) in base 14?
-671bd5
What is -6136a5 (base 15) in base 13?
-c59258
Convert -212011210 (base 3) to base 11.
-11770
What is 3693760 (base 11) in base 7?
105356251
What is 230369 (base 10) in base 12?
b1395
Convert 2120122322 (base 4) to base 3.
1011201101202
1417603 (base 8) to base 6
12333443
What is 101117 (base 8) in base 6?
414235
1214167 (base 8) to base 16
51877
What is 5a101a (base 11) in base 15?
13c597
Convert 278588 (base 9) to base 16.
29966
What is -92309 (base 15) in base 9?
-775170
2436050 (base 7) to base 12
130552
What is -2255473 (base 10) in base 13?
-60c7cc
1d4091 (base 14) to base 13
2a9222
-3da1ec (base 16) to base 9
-7535602
316707 (base 10)